. Calculate the greatest common divisor of z and l.
23
Let x be ((-49)/((-5145)/42))/((-1)/(-15)). What is the highest common divisor of 75 and x?
3
Suppose 42*j - 730 + 103 = -15*j. Suppose 2*s + 0*s = 110. Calculate the highest common divisor of j and s.
11
Let v(s) = s**2 - 6*s - 7. Let u be v(7). Suppose 6*m + 13 - 67 = u. Let q be 6 + (-4 - 1) + 35. Calculate the greatest common divisor of m and q.
9
Suppose 5*j + 43*a - 36065 = 35*a, -3*j = 4*a - 21643. Calculate the highest common factor of 348 and j.
87
Let w(a) = 4*a**3 - 13*a**2 + 34*a - 8. Let s be w(4). What is the highest common factor of 209 and s?
11
Let h(q) = 10*q**2 + 2*q - 2. Let n be h(1). Let b be 120*(14/4)/7. Suppose 6*y - 2*y - b = 0. Calculate the highest common factor of y and n.
5
Let o = 2950 + -2920. Calculate the highest common divisor of o and 30.
30
Let i be -345*((-364)/(-84) - 9). Calculate the highest common divisor of 12236 and i.
322
Let t(i) = 25*i**3 + 2*i**2 - 2*i + 1. Let n be t(1). Suppose r + z = n, 3*r - 7*r + 4*z = -120. Calculate the greatest common divisor of 140 and r.
28
Suppose 9*h - 2237 = -1589. Let p(n) = 4*n + 1. Let m be p(2). What is the greatest common factor of m and h?
9
Suppose -8*o + 17 = 1. Suppose z = -o*r - 4 + 24, 4*r = 4*z + 52. Suppose 7*w + 156 = r*w. What is the highest common factor of w and 195?
39
Let d = -29 + 33. Suppose -d*r - 9 = -17. Let o(m) = -m**3 + 5*m**2 + 8*m - 10. Let k be o(6). What is the greatest common factor of r and k?
2
Let f(g) be the first derivative of 3/2*g**2 + 31 - 21*g. Let p be f(11). Calculate the highest common factor of p and 84.
12
Let s(t) = -7*t - 23. Let z be s(-5). Let f be 58 + 8/z*-9. What is the highest common factor of f and 4?
4
Suppose 45*r + 2080 = 61*r. What is the greatest common factor of 260 and r?
130
Let s(p) = 80*p + 16. Let c be s(12). Let u = 1975 + -1959. What is the highest common divisor of c and u?
16
Let w(i) = -i**2 + 19*i + 28. Let f be w(20). Suppose 13*m - 1305 + 788 = 2707. Calculate the highest common divisor of m and f.
8
Let q = -1997 + 2048. Calculate the greatest common factor of q and 1581.
51
Let h(l) = 4*l**3 + 2*l**2 - 5*l + 3. Let c be h(1). Suppose -138 = 2*x - 4*x - j, c*x + j = 276. What is the highest common divisor of x and 115?
23
Let p be 5/((-10)/8) - -7. Let k(d) = 2 + 2 - d + p*d - 8. Let f be k(3). What is the greatest common factor of 16 and f?
2
Suppose 3012 + 3082 = 2*w - 2*i, -3*w + 5*i + 9149 = 0. Calculate the highest common factor of w and 17.
17
Let w(m) be the first derivative of m**3/3 + 10*m**2 - 80*m - 35. Let z be w(11). Calculate the greatest common factor of 58 and z.
29
Let x = 182 + -350. Let y be (x/(-30))/(1/50). Let d = -25 + 60. Calculate the highest common factor of y and d.
35
Let r = 59 - 11. Suppose 2*f + 691 = 4*q - 327, -5*f - 753 = -3*q. Calculate the highest common divisor of q and r.
16
Suppose 9*a - 31*a + 5940 = 22*a. Calculate the greatest common divisor of 5 and a.
5
Let x(v) = -v**2 + 162*v + 2755. Let c be x(-15). Calculate the highest common divisor of 13900 and c.
100
Let g(a) = -9*a - 2. Let b be g(-4). Let s be b/8*(7 - -5). Let w = -1662 - -1696. Calculate the highest common factor of s and w.
17
Let d(m) = 3*m**2 - 41*m - 100. Let f be d(20). Suppose 2*h - f = -g, 0 = 35*h - 38*h + 3*g + 420. Calculate the greatest common divisor of 100 and h.
20
Let t be 369/(7/(-14)*(-4 + 2)). What is the greatest common divisor of t and 3444?
123
Let a = -15 + 18. Suppose -39 = -a*s - 2*p + 182, -3*p = -2*s + 156. Let x be 24 + -26 + 17/(-1 + 2). Calculate the highest common factor of s and x.
15
Let r(m) = 7*m**2 - 7*m + 17. Suppose -21 = 6*p + 15. Let l be r(p). Suppose -777 = -4*f + l. What is the greatest common divisor of f and 34?
34
Let y = 1879 - -1334. Calculate the greatest common divisor of 378 and y.
189
Suppose -1700 = -6*j + 23*k - 27*k, -836 = -3*j + 5*k. What is the highest common divisor of 7238 and j?
94
Let g be (-2422)/(2 - 9) + 1. Let o = g - 344. What is the highest common divisor of 48 and o?
3
Let b(g) = 75*g**2 - 26*g + 26. Let v be b(1). What is the greatest common factor of v and 165?
15
Let p(y) = -y**3 + 9*y**2 - 7*y - 1. Let f be p(8). Let l(h) = 20*h + 629. Let k be l(-22). What is the greatest common divisor of f and k?
7
Let f = 144 - 111. Suppose -190 = -f*h + 28*h. Suppose 3*m - 20 = -0*m + 5*s, 0 = 3*m + 4*s - h. Calculate the highest common divisor of m and 5.
5
Let m(s) = 45*s - 3. Let j(h) = h**3 - 5*h**2 - 6*h + 1. Let q be j(6). Let k be m(q). What is the highest common divisor of k and 14?
14
Let x be (-3809026)/(-3182) - 6/111. What is the greatest common divisor of 741 and x?
57
Let a be (-16)/3*147/(-28). Suppose 8*z - 13*z - 80 = 0. Let w be 1 + -4*-1*(-164)/z. What is the greatest common divisor of w and a?
14
Suppose 652 = -3*n + 28*n - 23. What is the greatest common divisor of 216 and n?
27
Let q be ((-1600)/(-256))/(1/2976). What is the highest common factor of q and 200?
200
Let o be ((-5)/(-3))/(30/108). Suppose 44*t - o = 41*t. What is the greatest common divisor of t and 7?
1
Suppose 3*x + 5 = w + w, -3*w - 5*x = 40. Let t be w + 8 - 15 - (-2)/(-1). Let p be 14/t*6/2*-35. What is the greatest common factor of 21 and p?
21
Suppose 790 + 250 = 10*k. Let l = k - 102. Calculate the highest common divisor of l and 46.
2
Let l = -9387 + 9429. Calculate the greatest common divisor of 70 and l.
14
Suppose 2*v - 332 = 5*u, -v - 4*u + 452 = 2*v. Suppose 0 = 32*r - 38*r + 288. What is the greatest common factor of v and r?
12
Let d(z) = z**3 + 5*z - 37. Let a be d(6). What is the greatest common divisor of 1007 and a?
19
Suppose 0 = -2*d - 6, 4*d + 6 = -3*j - 0. Suppose 0*u + u = j*y - 79, -4*u = -3*y + 331. Let k = u - -88. What is the greatest common factor of 42 and k?
3
Suppose -2*d + 2 - 15 = -5*m, -12 = 3*d. Suppose -3*x + 115 - 40 = 0. Calculate the greatest common factor of m and x.
1
Let j(t) = 3*t**3 + 147*t**2 - 209*t - 95. Let q be j(-50). What is the highest common factor of 5 and q?
5
Let v be 8/((-72)/75)*(-372)/2. Let n(u) = 3*u**2 - 9*u + 32. Let g be n(5). Calculate the greatest common divisor of v and g.
62
Suppose 3*a - 3*s = -5*s + 40, 5*a - 5*s = 25. Let t be ((0 + -4)/8)/((-1)/76). Calculate the highest common divisor of a and t.
2
Suppose -2*y + 6*y = -3*c - 178, 4 = 2*y. Let o = 66 - c. Suppose 35 = 4*i - 29. What is the greatest common divisor of o and i?
16
Let i(g) = g**2 - 32*g - 56. Let y be i(-2). Let c = -6 - -39. Suppose -4*a + 4 = o, o - 3*o + c = 3*a. Calculate the highest common divisor of y and o.
12
Suppose 1035*b - 1000*b - 560 = 0. What is the highest common factor of 364 and b?
4
Suppose -9*u - 11*u + 80 = 0. Let z be (41/(-1))/(15/(-60)). What is the highest common factor of u and z?
4
Let k(b) = -245*b + 61. Let f be k(-18). Suppose -15*q + f + 809 = 0. What is the greatest common divisor of 32 and q?
32
Suppose c + 57 = -4*u, -4*c - 3*u - 280 + 78 = 0. Let k be 3/(6/(-5))*(-59 - c). Let a be (-1099)/(-4) + 1/4. What is the highest common divisor of a and k?
25
Let j = -16802 - -42304. What is the greatest common factor of 82 and j?
82
Let k = 5511 + -5499. Calculate the highest common factor of 714 and k.
6
Suppose 5*y + 3*q = 950, -5*y + 838 = q - 102. Calculate the greatest common divisor of 51 and y.
17
Let f = -21 - 25. Let c = f - -70. Suppose 24 = 12*h - 9*h. Calculate the highest common factor of h and c.
8
Suppose 0 = -59*l + 48*l + 231. What is the greatest common divisor of 225 and l?
3
Let v(u) = 126*u + 2308. Let h be v(14). What is the highest common divisor of 8 and h?
8
Suppose 189 = -24*o + 1077. Suppose -3*q = -3*l + 2*l - 27, 4*l + 140 = -4*q. Let g = o + l. What is the greatest common factor of 6 and g?
2
Let z(v) = -9*v**2 + 247*v - 28. Let a be z(27). What is the greatest common divisor of 44 and a?
4
Let y(x) = -22*x - 1120. Let f be y(-55). Calculate the highest common factor of f and 4545.
45
Suppose -136*u = -169*u + 4950. Let c = -16 + 21. Suppose -88 - 212 = -c*f. Calculate the greatest common divisor of u and f.
30
Let l be ((-10)/(-35))/(2/70). Let k be (l/(-8))/5*-116. Let p = -22 + k. Calculate the greatest common factor of p and 21.
7
Let c(d) = d**3 + 53*d**2 + 15. Let b be c(-53). Calculate